Let h be (18*1)/(-3) + 3. Let y be h/((-9)/6) - 2. What are the prime factors of a(y)?
2
Suppose 3*z + 139 = -2*j, 4*z + 5*j = -312 + 129. Let v = 105 + z. Let y = -13 + v. What are the prime factors of y?
3, 5
Let h = -105 - -802. List the prime factors of h.
17, 41
Suppose -3*m + 3874 = 5*f - 42, 1312 = m + 3*f. What are the prime factors of m?
1297
Suppose -i + 5*t + 874 = 0, 10*i - t = 8*i + 1739. List the prime factors of i.
11, 79
Suppose -43 = 3*h - 4*p + 25, 6 = 3*p. Let r = 22 + h. Suppose 3*y + r = 20. What are the prime factors of y?
2, 3
Let z = 29 - 29. Suppose -5*h = z, r + 150 = 6*r + 4*h. List the prime factors of r.
2, 3, 5
Suppose -4*k - 3*r = -458, 2*k - 2*r - 228 = -3*r. Suppose 2*y - p - 124 = 0, 3*y - 299 = -5*p - k. What are the prime factors of y?
2, 31
Let c(a) = a**3 + 64*a**2 + 140*a + 235. What are the prime factors of c(-60)?
5, 29, 43
Let k(t) = 6*t - 25. Let a be k(5). Suppose 3*c - 80 = -c - 4*v, -3*c + a*v = -100. List the prime factors of c.
5
Let g = 43 + -40. Suppose 0 = 5*r - 15, 3*i + r = g*r + 3. What are the prime factors of i?
3
Suppose 3*b + 2*b = 50. Let k = 12 - b. What are the prime factors of k/(-8) + 1099/28?
3, 13
What are the prime factors of (-147)/(1 + (1 - 35/16))?
2, 7
Let g be ((-2)/1)/((-12)/(-18)). List the prime factors of 10224/(-24)*2/g.
2, 71
Let j(q) = -q**3 - 18*q**2 - 19*q + 67. What are the prime factors of j(-17)?
101
Let b = 2662 - 1717. List the prime factors of b.
3, 5, 7
What are the prime factors of (-6)/4*(-9 + 2 + -3655)?
3, 1831
What are the prime factors of 5 + 0/(-10) + 769?
2, 3, 43
Let u(o) = -5 + o**2 - 10 + 0*o**2 + 4. What are the prime factors of u(-9)?
2, 5, 7
Suppose -3*f = -12, -3*f + 1118 = -4*b + 6*b. List the prime factors of b.
7, 79
Let z(t) = t**3 + t**2 - 5. Let n be z(0). Let h = 50 - n. List the prime factors of h.
5, 11
Let i = 16 + -14. Suppose i*l + 5*l = 490. Let z = -27 + l. List the prime factors of z.
43
Suppose -28 = -3*o + y, y - 44 = -5*o - 0*y. List the prime factors of (o/(-15) - (-208)/(-20))*-5.
5, 11
Let g = -9 - 43. Let u be 24/84 + g/(-14). Suppose u*y = 143 + 149. What are the prime factors of y?
73
Let g(m) = 2*m**3 - m**2 - 3*m + 3. Let b be g(2). Let n be ((-1)/(-3))/(1/b). Suppose l = -3*o + 39, n*l - 6*o - 103 = -o. List the prime factors of l.
2, 3
Let a(t) = 50*t**2 - 5*t + 5. Let h be a(2). Let o = -118 + h. List the prime factors of o.
7, 11
Suppose g = 18 + 1. Suppose -3*u + 116 = -g. Let y = u + -30. What are the prime factors of y?
3, 5
Let v be (-200)/(-6) + (-28)/21. Let l = v - 23. Let x(q) = -q**3 + 8*q**2 + 11*q - 16. List the prime factors of x(l).
2
Suppose -21*j + 55214 = 17*j. What are the prime factors of j?
1453
Let c(a) = -4*a + 1 + 4*a**3 + 0*a**3 + 6*a**3 + 2*a**2. What are the prime factors of c(3)?
277
Suppose -5*m = -v + 2*v + 26, 4*m = -4*v - 24. Let u = v - -5. List the prime factors of u/(20/(-15)) - -52.
7
Suppose -2*m = -3*x + 68, 4*m = -2*x - 6 + 30. Suppose -2*z + x = 3*z. What are the prime factors of (3 + 73)/z + 2?
3, 7
Let b be 15/9 + (-4)/(-3). Let s(a) = 20*a + 3. What are the prime factors of s(b)?
3, 7
Let s = -407 + 591. Let r be -1*(s - -2) - 1. What are the prime factors of (r/44)/(2/(-8))?
17
Suppose 0 = -4*m - 3*i + 7438, m + 787 = 3*i + 2654. List the prime factors of m.
1861
Suppose -9*c - 177 = -969. What are the prime factors of (45/6)/(6/c)?
2, 5, 11
Let s = 1120 + -251. What are the prime factors of s?
11, 79
Let h(n) = -n**3 + 40*n**2 + 36*n + 108. List the prime factors of h(40).
2, 3, 43
Let p(d) = -d**2 - 23*d + 38. List the prime factors of p(-20).
2, 7
Let a(g) = -g**3 + 28*g**2 + 38*g - 143. What are the prime factors of a(29)?
2, 59
Let n(s) = -79*s - 7. List the prime factors of n(-10).
3, 29
Let t(y) = -y**3 - 5*y**2 + 2*y + 2306. What are the prime factors of t(0)?
2, 1153
Suppose -3 = -5*b - 2*i, 4*b - 2*i - 2*i = -20. Let k be (b - (-2 + 2))*-2. List the prime factors of k/7 + 1290/42.
31
Let d(c) = 10*c**2 + 19*c + 38. List the prime factors of d(-11).
1039
Let t(z) = 32*z**2 + 9*z - 15. What are the prime factors of t(4)?
13, 41
Let b(t) = 262*t + 537. What are the prime factors of b(12)?
3, 409
Suppose -2*j - 4*f = -3*j - 17, -20 = -4*f. Let d(n) = -57*n + 1. Let l be d(-2). Suppose 0*a = 4*a + 5*o - l, j*a - 87 = -3*o. What are the prime factors of a?
2, 3, 5
What are the prime factors of 1/((-2 - 8140/(-4076))/(-3))?
1019
Suppose 3*m - 5 - 7 = 0. Suppose 2*z - 2*y - 308 = 0, m*y - 752 = -2*z - 3*z. Suppose 5*c = r + 3*r - z, 0 = -5*r + c + 190. List the prime factors of r.
2, 19
Let z = 2093 - 887. What are the prime factors of z?
2, 3, 67
Let i(r) = 4*r - 69. Let b(j) = j**3 + 7*j**2 - 32*j - 1. Let k be b(-10). List the prime factors of i(k).
7
Let z(n) = 6*n - 38. Let p be z(6). Let u(s) = 2*s**2 + 1 - s**3 + 0*s**2 + 3*s + 0*s. What are the prime factors of u(p)?
11
Suppose -12 = -4*k, 4*k = -2*o + 7*o - 9308. What are the prime factors of o?
2, 233
Let x = -1857 - -2672. What are the prime factors of x?
5, 163
Let t(q) = -2*q - 4. Let z be t(-3). Suppose -z = f - 6. What are the prime factors of (-1)/f - (-183)/12?
3, 5
What are the prime factors of 5436/3*32/48 + 5?
1213
Suppose 132 = -35*h + 37*h. List the prime factors of h.
2, 3, 11
Suppose -36 = -3*y - 5*d, -4*y + 39 = 4*d - 9. Suppose -u - y = 3*s, -2*s = -2*u - u - 3. Let c(p) = -8*p - 4. What are the prime factors of c(u)?
2, 5
Let u be -1 + 3 + 2 + 3. Suppose -v - 3*d = u - 61, d = 3*v - 192. List the prime factors of v.
3, 7
Let n be 0 + 10 + -4 + 0. What are the prime factors of 231 + -4 + n - -3?
2, 59
Suppose -5*j - 5*b = -85, -2*b = -3*b + 5. Suppose 1404 - 300 = j*c. List the prime factors of c.
2, 23
Let m(u) = u**3 + 6*u**2 - 6*u + 7. Let h be m(-7). Suppose 3*f - 4*a + 34 = h, -5*f = -0*f + 5*a + 10. What are the prime factors of (5 + 5)*f/(-4)?
3, 5
Let m(v) = 550*v**2 + 4*v + 2. What are the prime factors of m(-1)?
2, 137
Let a(c) = -87*c + 915. List the prime factors of a(9).
2, 3, 11
Let f be 114/(19/(-7) + 3). List the prime factors of (24/(-7))/((-38)/f).
2, 3
Suppose 16*g - 52 = 3*g. Suppose -4*v + 3*a + 47 = -383, 0 = g*v - a - 434. List the prime factors of v.
109
Let h(f) = 35*f - 61. Suppose 2*x = 6*x - 24. List the prime factors of h(x).
149
Suppose -5 = j - 113. What are the prime factors of j?
2, 3
Suppose -13*u - 9232 = -46425. What are the prime factors of u?
2861
Suppose -p = -5*w, 2*p - 5*w = -2*p. Suppose p*b - 5*b = -10. Suppose -b*i + 9 = -l, 0*i + i - l = 6. List the prime factors of i.
3
Let g be 3/(-6) - 91/(-2). List the prime factors of 10/75 + 5889/g.
131
Suppose -5*j - 5*p + 7*p + 2783 = 0, -3*j + 2*p = -1673. What are the prime factors of j?
3, 5, 37
Suppose -j + 5 + 14 = 3*f, -1 = 3*f + 5*j. Let w(l) be the third derivative of 5*l**4/24 - 7*l**3/3 - 3*l**2. List the prime factors of w(f).
2, 13
Let s(l) = -14*l + 146. List the prime factors of s(-42).
2, 367
List the prime factors of (-8909)/(-15) + (-83)/(-1245).
2, 3, 11
Suppose 3140 = -78*b + 82*b. List the prime factors of b.
5, 157
Let j(r) = 20*r - 2. Let q be 18/(-24)*-2*2. What are the prime factors of j(q)?
2, 29
What are the prime factors of 110/(-11) + 10 + 777 + 0?
3, 7, 37
Let i = 28 + -24. Suppose -2*s + i*s = -3*z + 22, -z = -3*s + 11. Suppose z*p - 201 = 59. List the prime factors of p.
5, 13
Let l = -6 - -11. Suppose u - 17 = -5*j, 5*u + l*j - 25 = -0*j. Suppose s - p - 31 = 35, p + u = 0. List the prime factors of s.
2
Let i = 317 - 240. List the prime factors of i.
7, 11
Suppose -m - g + 6*g - 23 = 0, 4*m - g - 3 = 0. Suppose 0*c + m*c + 30 = 0. Let k = -1 - c. What are the prime factors of k?
2, 7
Let h = -2 - 3. Let x(y) = -y**3 - 6*y**2 - 4*y + 5. Let z be x(h). Suppose -3*c + z*c = -54. What are the prime factors of c?
2, 3
Let j be 119/(-1) - 4 - 2. Let d = -86 - j. What are the prime factors of d?
3, 13
Suppose -40 = 4*y - 4*c, 5*y - 2*c + 30 = y. List the prime factors of (y/((-50)/12))/(2/40).
2, 3
What are the prime factors of -7 - (-1399 + 2)*1?
2, 5, 139
Let s(a) = -a + 9. Let r be s(3). Suppose -2*u + 58 = -8. What are the prime factors of 9/r + u/6?
7
Let l = 93 + -93. Let x(u) = u**2 - u + 27. List the prime factors of x(l).
3
Let g = -208 + 206. Let m be (0 - 0) + -2 + -1.